3 + 5*b**2/2 + 2*b. Let f = -18 - -25. Is o(f) composite?
False
Let a = 5 - 6. Is 4/2 - a - -188 composite?
False
Suppose f + 452 = 4*v, 3*f = -4*v + 137 + 315. Is v a prime number?
True
Is (13 - -2)*(-159)/(-9) a composite number?
True
Suppose -5*z + 5*m = 320, -m + 126 = -2*z - 0*m. Let n = z + 136. Is n a composite number?
True
Suppose 2*v - 4*l - 1718 = -l, 4*v - 3440 = 5*l. Is v composite?
True
Let c be ((-2)/(-3))/(6/(-1143)). Suppose -w + 2*i = 2*w + 1, -2*w + 2*i - 2 = 0. Is c/(w + -2 - 0) a composite number?
False
Let d = 2609 + -1720. Suppose -307 = -4*i + d. Is i composite?
True
Let z(p) = -11*p**3 + 2*p**2 + p - 7. Is z(-3) a composite number?
True
Suppose -f - 689 = 4*v, f = -4 - 1. Suppose 4 = 4*p - 8. Is 2/p*v/(-6) prime?
True
Is (-3)/(-9) + 1144/6 prime?
True
Suppose -957 - 391 = -4*r. Is (r/3)/((-3)/(-9)) composite?
False
Let o = -158 - 13. Is 3/4 - o/12 a prime number?
False
Let k be (-4)/10 - (-3)/(-5). Let y(c) = 90*c**2 + 2*c + 1. Is y(k) a composite number?
False
Suppose -3*b + 4*o + 4103 = 0, o - 2*o = -b + 1366. Is b a prime number?
True
Let z = -839 - -1221. Is z composite?
True
Is (-8)/(-8) + (-1 - -389) a composite number?
False
Suppose -166 - 713 = -3*p. Is p prime?
True
Let v(h) = -50*h**2 - 2*h - 2. Let i be v(-2). Let b = 314 + i. Let m = b + -79. Is m prime?
True
Let s = -10 + 41. Is s composite?
False
Suppose -s - 16 = 3*j, -2*s + j - 5*j - 24 = 0. Is (2/s)/(1/(-178)) a prime number?
True
Let u = 1990 + -797. Is u a composite number?
False
Let w(t) = -t**3 + 4*t**2 - 2*t + 3541. Is w(0) composite?
False
Let o(j) = 14*j**2 - 5*j + 3. Let y be o(-5). Suppose 116 = 2*h - y. Is h a prime number?
False
Let l = 454 - 59. Is l a composite number?
True
Let u(s) = -3 - 3 + 0 - s + 0. Let x be u(-9). Suppose x*h - 356 = -h. Is h composite?
False
Let g(k) = 40*k + 10. Let t(y) = y + 1. Let b(l) = g(l) - 15*t(l). Is b(4) composite?
True
Let f be -1*1*(0 - 1). Let s(x) be the first derivative of 5*x**2/2 - x - 5. Is s(f) a composite number?
True
Let r = 668 - -405. Is r prime?
False
Let w be (-12)/(-4)*2/(-3). Let n = w - -1. Is 79 + (1 - 2) + n composite?
True
Suppose -5*w - 3*l = 2*l - 185, 0 = 3*w - 4*l - 118. Let v = 117 - w. Is v prime?
True
Suppose 2*c - c = v - 243, 0 = 3*c + 15. Suppose 3*r - 2*r = 5*b + v, 2*b - 886 = -4*r. Is r prime?
True
Let n(g) = -g**2 - 3*g - 1 + 5*g**2 + 0*g**2. Let j be n(3). Suppose 3*y = 2*z - j - 26, 4*y = 0. Is z a composite number?
True
Suppose -5*t = 3*k - 949, -k + 4 - 197 = -t. Is t prime?
True
Is 5 - 9 - 454/(-2) composite?
False
Let l be (-30)/12*8/(-5). Let h = l + -1. Suppose -3*o = 3*a + 2*o - 30, 0 = h*a + 3*o - 36. Is a composite?
True
Let k(w) = 4*w**2 + 2*w + 5. Suppose 0 = -5*b + 7 + 43. Suppose -r - 5 = -i, 2*i + r = 2*r + b. Is k(i) a composite number?
True
Suppose 2*s = -5*s + 1043. Is s prime?
True
Let a(o) = -o**3 + 9*o**2 + 9*o + 13. Let j be a(10). Suppose 0 = 4*k + z + 3*z - 28, -4*k - j*z = -25. Suppose k*v - 681 = 467. Is v a composite number?
True
Let p(x) = 3*x**2 + 5*x + 15. Let y(s) = -8*s**2 - 15*s - 44. Let b(g) = 17*p(g) + 6*y(g). Is b(11) prime?
False
Is -4*3/(-24)*226 prime?
True
Let s = -12 + 11. Let i(t) = 4 - t + 19*t**2 - 5 + 18*t**2. Is i(s) a prime number?
True
Suppose -5434 = -5*q + 1681. Is q a composite number?
False
Suppose -5*n + 5 = -5*d, -3*d - 4*n = 2*d + 32. Is 5/10 - 6618/d prime?
False
Let n(f) = -f**3 - 4*f**2 + 2*f + 5. Suppose 0 = -3*d + 5*o - 3*o - 2, -5 = -5*d + 5*o. Let h be n(d). Is (h/6)/(2/(-16)) prime?
False
Suppose -4*v + 8*m = 3*m - 268, -3*v + 201 = 3*m. Is v a composite number?
False
Let y(l) be the third derivative of l**6/120 + 7*l**5/60 + l**4/4 - l**3/6 + l**2. Is y(-5) a composite number?
False
Let b be (-1)/(3/(-2 + -7)). Suppose -s = -4*o + 14, 2*s + b*o = -o - 4. Is 158*(s/4 + 2) a prime number?
True
Let b = 1 - 17. Let j be (1/(-3))/(3/(-207)). Let z = b + j. Is z a prime number?
True
Let p = 233 + -20. Is p prime?
False
Let y(u) = u + 6. Let i be y(-5). Let j be (i*2)/(4/6). Suppose 2*z + 4*b - 30 = -0*z, -2*z = j*b - 35. Is z prime?
False
Let r(w) = -w - 7. Let b be r(-7). Let u = b - -37. Is u composite?
False
Let i(h) be the second derivative of -2*h**2 + 4/3*h**3 + 0 - 1/12*h**4 + 2*h. Is i(5) a composite number?
False
Let t be (0 + (-3)/3)*-2. Let h(s) = 5*s - 1 + s - 4*s + 5*s**3 - t*s**2. Is h(1) prime?
False
Let g(n) = n**2 - 7*n + 9. Let k be g(7). Let a(r) = 4*r - 2. Is a(k) prime?
False
Suppose 0*w = w - 1. Suppose q - 1 = o, -4*q - w = q + o. Suppose 2*b - 68 = -q*b. Is b a composite number?
True
Suppose -3*q + 7*q = 3*k - 14, 2*k - 12 = 4*q. Is ((-14)/(-42))/(k/2022) a composite number?
False
Let l = -332 + 497. Suppose 0 = -0*x - 3*x + l. Is x a prime number?
False
Let z(m) = 2*m**2 - 7*m + 7. Let r(v) = -v**2 - 6*v - 4. Let y be r(-3). Is z(y) composite?
True
Let r = -6 + 8. Suppose -r*k + 290 = 3*k. Is k composite?
True
Let q be (1 - 13)/(-4)*17. Let o = 86 - q. Is o a composite number?
True
Suppose 0 = 5*j - 2*a - 1117, -4*a = 5*j - 0*j - 1111. Is j a prime number?
True
Suppose -6 = -3*v - 0*v. Suppose v*x + m - 5 = -0*m, 3*m + 10 = -x. Suppose 3*f = 4*u + 30, 5*f + x*u - 50 = -0*u. Is f a composite number?
True
Suppose 0*y + y - 10 = 0. Suppose -2*n + 44 = -2*i, 2*n + 2*i - 36 = -0*i. Suppose 5*r - y = n. Is r a prime number?
False
Suppose -2*d + 42 + 44 = 0. Suppose -2*m + d = -383. Is m a prime number?
False
Let u(d) = 16*d**3 - 25*d**2 + 25*d - 19. Let o(k) = 3*k**3 - 5*k**2 + 5*k - 4. Let z(q) = 11*o(q) - 2*u(q). Let j be z(4). Is (91 + 2 + j)*1 prime?
False
Let s be (-2)/(-1) - -57 - 0. Suppose 3*q = -5*g + 136, 2*q - s = -3*g + 23. Is g a prime number?
False
Let z(x) = x**3 + 6*x**2 - 2*x + 3. Let c = 12 + -9. Let p = -3 - c. Is z(p) composite?
True
Suppose -12 = -3*p - p. Suppose -p*o = -8*o + 10. Is 34 + (o - 2)/(-1) a prime number?
False
Is 19245/21 - (-20)/35 a prime number?
False
Let n be 7*(-652)/(8/2). Let a = -674 - n. Is a a prime number?
True
Suppose 2*n + j - 62 = n, -4*n - j = -233. Suppose u = 4*u + n. Let v = -5 - u. Is v composite?
True
Let p be 48/21 + 2/(-7). Suppose 4 = 2*m - p*i, -2*m + i = -0*m - 8. Is m prime?
False
Let r = 2963 + -2098. Is r a prime number?
False
Let p = 6 + -10. Let q = -2415 - -3408. Is q/27 - p/18 composite?
False
Let q(y) = -y**2 - 7*y - 1. Let r be q(-6). Suppose -r*w - 97 = -522. Is w prime?
False
Is (-183 + 5)/((-1)/13*2) composite?
True
Suppose 246 = 3*y - 4*y. Let a = y - -359. Is a prime?
True
Suppose a = q, -2*q = -5*a - 5 + 8. Suppose -4*f = 5*h - q + 20, -10 = -2*h. Is 7/(-3)*(f - -2) prime?
False
Is 1676/3 - (-4)/12 prime?
False
Let f = -1074 - -3595. Is f composite?
False
Let s be -1 - -1 - (884 - -1). Let t be 32/14 - (-4)/(-14). Is t/4 + s/(-10) composite?
False
Is 5638*-1*2/(-4) a composite number?
False
Suppose 3*n - 8 = -2*h + 21, 3*h - 12 = 0. Is 206/2*(n + -4) a composite number?
True
Suppose 0 = -3*q - 3*d + 1674, 0 = -2*d + 6*d - 20. Is q composite?
True
Is (1630/(-15) + 4)/(2/(-3)) composite?
False
Let n(i) = 33*i + 30 - 30. Is n(1) prime?
False
Is (211 - 0)/((-6)/(-6)) a prime number?
True
Let n = 232 + -155. Is n a composite number?
True
Let k be (21/(-6))/(2/(-24)). Let x be (k*-2)/((-5)/(-10)). Let a = -115 - x. Is a a prime number?
True
Let m(v) = -227*v**3 + 1. Let k be m(-1). Suppose -2*p + 63 + k = 3*f, p = -f + 145. Suppose -4*w + 0*w - n = -135, 4*n = -4*w + p. Is w composite?
True
Let r = -1 + 6. Suppose 5*z - r = -3*m, -5*z - 55 = -6*m + 3*m. Is m prime?
False
Is (-24)/(-8) - (2 + -742) composite?
False
Is (3 - 10)/((-1)/113) a composite number?
True
Let c = -2 + 5. Is (-2)/2*c - -54 composite?
True
Let i = 343 + -92. Is i a composite number?
False
Let t(d) = -1232*d + 1. Let i be t(-2). Suppose 2*h = -3*h + i. Is h prime?
False
Let t be (2012 + 0 + -1)*1. Suppose t = -3*c + 550. Is (-2)/(c/(-163) - 3) a composite number?
False
Let q(l) = l**3 - l**2 + 2*l - 3. Let a(f) = -f**3 + f**2 - 2*f + 3. Let c(y) = 2*a(y) + 3*q(y). Let o be -3 + 1 - 6/(-1). Is c(o) a prime number?
True
Let v = 624 - 373. Is v a composite number?
False
Let d be -1*(-3 + 6) + 6. Suppose -d*r = r - 268. Is r composite?
False
Suppose -10 = 5*g, 3*r - 4*g = -755 - 428. Let m = r - -608. Is m a prime number?
True
Let o(u) = -6*u**2 - 11*u - 2